 12, z = -2*h - p + 2. Let q be (20/6)/(5/15). Calculate the greatest common factor of q and h.
2
Let k(b) = -b**2 - 8*b - 6. Let w be k(-4). Let a be (-1)/2 + (-324)/(-8). What is the highest common divisor of a and w?
10
Let b = -18 - -32. Suppose -6*l = -2*l - 12. Suppose -5*k = -l*k - 42. What is the highest common factor of k and b?
7
Let v be (-132)/(-16) + (3/1)/(-12). What is the highest common divisor of v and 2?
2
Let u be 1/3 + (-202)/(-6). Calculate the highest common factor of u and 238.
34
Let u be -81*(-2)/3 - (7 + -2). Suppose -2*f - k = -12, -f - k - 3*k - 1 = 0. What is the highest common divisor of u and f?
7
Let i = -17 + 2. Let n be 0*(i/(-6))/(-5). Suppose -3*f - 11 = -b, n = f + 3*f. Calculate the greatest common factor of b and 77.
11
Suppose 2*j - i = -6*i + 17, 0 = 3*j - 5*i + 37. Let q = 11 + j. Calculate the highest common factor of 21 and q.
7
Suppose -5*t + 54 = 2*g - 74, -4*g = t - 40. Calculate the highest common factor of 144 and t.
24
Suppose 3*g + 18 = 153. Let z = 34 - 19. Calculate the highest common factor of z and g.
15
Let j be -72*(-2 - (-3)/2). Calculate the highest common divisor of j and 9.
9
Suppose -4*l + 3 = -5. Let s be ((-33)/l)/(1/(-6)). Suppose 3*k = 3*j - 12, -2*j = -3*k - 0 - 3. What is the greatest common divisor of j and s?
9
Suppose -5*h - 5*f + 371 = 136, 0 = 5*h - 2*f - 270. What is the highest common factor of 13 and h?
13
Let m(j) = -2*j + 8. Let s be m(2). What is the greatest common divisor of s and 56?
4
Suppose 6 = 2*d - 76. Suppose -5*n = 4*s - d, 3*s + 15 = n + 3. Calculate the greatest common factor of 1 and n.
1
Suppose -5*q + 55 = 5*i, 3*i + 3*q - 28 = -q. What is the highest common factor of i and 80?
16
Suppose 30 = 2*i - 44. Let d = 61 - i. Let v be (2/(-5))/(23/(-2070)). What is the highest common divisor of d and v?
12
Let k(s) = -s**2 - 2*s + 1. Let y be k(-2). Let d = -49 + 58. What is the highest common divisor of y and d?
1
Let s be ((-6)/(-8))/(2/8). Suppose 3*u + c - 12 = 3*c, 3*u - 27 = -s*c. What is the greatest common divisor of u and 6?
6
Let v be (-4)/(-8) + 10/4. Suppose -b + 1 = -v. Suppose 0 = -2*q - 5*t + b, -q - 2*q + t = -6. Calculate the highest common factor of 14 and q.
2
Let s be (-434)/(-6) - 2/6. Suppose -5*j + 5*h + 7 + 73 = 0, 0 = 3*j + h - 28. Suppose j = 4*v - 25. What is the highest common factor of v and s?
9
Suppose o - 4*s = -5*s + 6, -5*o = -2*s + 5. Suppose -1 = -q - c, q - 2*c = -2*q + 13. What is the highest common factor of o and q?
1
Let m = 18 + -12. Calculate the greatest common factor of m and 2.
2
Suppose 5*q - 9*q = -72. Calculate the highest common factor of 36 and q.
18
Suppose 3*x + 17 = 2*x - 5*j, -20 = -4*x + 2*j. Let q = x + -18. Let i = 43 + q. What is the highest common divisor of 14 and i?
14
Let z be (-135)/(-7) + -1 - (-22)/(-77). What is the greatest common factor of z and 6?
6
Let r = -45 + 24. Let w be (r/(-14))/((-3)/(-10)). What is the greatest common divisor of w and 1?
1
Let g = 87 - -38. Calculate the highest common factor of 25 and g.
25
Let x(z) = z**3 + 4*z**2 + 4. Let d = 3 + -7. Let h be x(d). What is the greatest common divisor of h and 12?
4
Suppose -q - m = -0*q - 40, -q + 60 = 5*m. Calculate the highest common divisor of q and 5.
5
Let j(x) = -x**3 + 6*x**2 - 4*x + 3. Let u be j(5). What is the highest common divisor of u and 8?
8
Let l(a) = -57*a + 61. Let q be l(-2). Suppose 5*y = r + 124, 2*r + 0*r = -3*y + 77. What is the greatest common divisor of q and y?
25
Let y(s) = s**3 + 5*s**2 - 14*s + 11. Let b be y(-7). Calculate the highest common divisor of 44 and b.
11
Suppose 3*k + 5*t - 45 = 0, t - 32 = -3*k + 25. What is the greatest common factor of k and 70?
10
Let q(k) = -2*k - 2. Let s be q(-6). What is the greatest common factor of 25 and s?
5
Let b = -33 + 47. Let m be (1 - b)/(2/(-4)). Calculate the greatest common divisor of m and 65.
13
Let l(j) = j**3 + 7*j**2 - 10*j. Let x be l(-8). Suppose -p + x = 3. What is the highest common factor of 117 and p?
13
Let f be 4*(0 - (3 + -2)). Let z be (1/4)/((-1)/f). Calculate the highest common factor of 3 and z.
1
Suppose -4*s = -2*j + 6, -4*j + 5*s - 4 + 13 = 0. Let g = 35 + j. What is the greatest common factor of g and 90?
18
Suppose 0 = -2*b + 21 + 23. Let i(j) = -5*j - 5. Let z be i(-5). Suppose -3*v = 5*o - z - 28, 70 = 5*v + 5*o. Calculate the highest common divisor of b and v.
11
Let d(u) = -u + 5. Let i be d(4). Calculate the greatest common divisor of i and 9.
1
Let o(n) = n**2 + 7*n + 2. Let l be o(-10). Calculate the highest common factor of l and 8.
8
Let f = -5 - -7. What is the highest common factor of 4 and f?
2
Let a = 6 + -4. Let j be 15/a + (-2)/4. What is the highest common factor of 77 and j?
7
Suppose -4*y - 4*t = -73 + 9, 2*t = 3*y - 28. Suppose -5*f = -52 - 128. Calculate the greatest common factor of y and f.
12
Let l = -39 + 59. What is the highest common divisor of 5 and l?
5
Let z = -6 + 4. Let k be ((-36)/16)/(z/48). What is the greatest common divisor of k and 9?
9
Let o(w) = w**3 - 15*w**2 - 14*w - 22. Let m be o(16). What is the highest common divisor of 25 and m?
5
Let i be (-40)/140 - 32/(-14). What is the greatest common divisor of i and 5?
1
Suppose -4*p - 1160 = -0*k + k, p - k = -285. Let x = -169 - p. What is the highest common factor of 15 and x?
15
Let w be (8/(-6))/(4/(-6)). Suppose 0 = -w*m - 4 + 76. What is the greatest common divisor of 4 and m?
4
Let p = -43 + 17. Suppose g - 1 = -18. Let s = g - p. Calculate the greatest common divisor of s and 36.
9
Let k be (28/3)/((-2)/(-27)). Let q be k - (-2 - -4 - 0). Suppose 2*x + 40 = q. What is the highest common divisor of x and 14?
14
Let x = -25 + 4. Let q be (-762)/x + (-4)/14. Let m(l) = -7*l + 3. Let d be m(-3). Calculate the greatest common divisor of d and q.
12
Let a = 9 - 6. Let n = 9 + -7. Suppose n*r + r = 18. Calculate the greatest common divisor of a and r.
3
Suppose 5*f - 10 = -2*u, 4*u - 2*f + 10 = 54. Calculate the greatest common divisor of u and 70.
10
Suppose -i = 5*u - 2753, i = 4*u - 6*u + 1103. Suppose 0 = -27*v + 22*v + u. Calculate the greatest common factor of v and 10.
10
Let r be 0 - 0 - -8 - 4. Let p(n) = n**3 - n**2 + n + 3. Let a be p(0). Let d = 13 - a. Calculate the greatest common factor of r and d.
2
Let a(w) = w**3 + 10*w**2 + 9*w + 4. Let l = 17 - 26. Let b be a(l). What is the highest common divisor of b and 6?
2
Let a(x) = -x**2 + 24*x + 17. Let h be a(21). Suppose -2*k - 4*v + 36 = -44, 4*k + v - 132 = 0. What is the highest common divisor of h and k?
16
Let y = 58 - 28. Suppose -s + 3*s = 40. Calculate the highest common divisor of y and s.
10
Let x = -17 + 45. Suppose -3 = n - x. Calculate the greatest common divisor of 50 and n.
25
Let v(n) = -n**2 + 10*n + 8. Let t be v(11). Let f = 16 + t. Calculate the greatest common factor of f and 52.
13
Let c = 15 - 14. What is the greatest common factor of c and 3?
1
Let i(g) = -6*g + 6. Let z be i(-4). What is the greatest common factor of z and 6?
6
Let k(w) = w**2 - 5*w + 6. Let d be k(4). Let z = 174 + 106. Suppose -7*o + d*o = -z. Calculate the greatest common factor of 14 and o.
14
Let i = 88 - 44. What is the greatest common factor of 4 and i?
4
Let m(u) = u + 10. Let b be m(-7). Suppose 11 + 1 = -3*z, -2*z - 155 = -b*v. Suppose 4*d = 2*d + 14. Calculate the highest common factor of d and v.
7
Let h(k) = -k**2 - 5*k - 6. Let v be h(-5). Let m = 8 + v. Let o be 67/m - 1/2. Calculate the greatest common factor of 3 and o.
3
Let z be 106/4 - 6/(-4). Let w = z - 8. Calculate the greatest common divisor of w and 8.
4
Let h(q) = 177*q**2 + 2*q - 1. Let n be h(1). Suppose f - n = -4*a, 4*a - 4*f + 88 = 276. What is the greatest common factor of 5 and a?
5
Let y = -16 + 40. Suppose -y + 9 = -k. What is the highest common divisor of k and 3?
3
Suppose 2*w = t + 16, w + 7*t - 2*t - 19 = 0. Calculate the greatest common divisor of w and 72.
9
Suppose 3*a - 5*a = -6. Suppose -z + 6 + 13 = l, -z + a = 0. Let y = -184 + 312. Calculate the greatest common factor of y and l.
16
Suppose 0 = g + 3*g + 3*y - 349, -438 = -5*g - 2*y. What is the greatest common factor of g and 8?
8
Let j(p) = p**2 + 16*p + 46. Let i be j(-16). What is the greatest common factor of 184 and i?
46
Suppose -